ate the highest common factor of 147 and 3479.
49
What is the greatest common divisor of 4 and 956?
4
What is the greatest common divisor of 180 and 990?
90
Calculate the greatest common factor of 10 and 1822.
2
Calculate the greatest common divisor of 172 and 16.
4
Calculate the highest common divisor of 1565 and 5.
5
What is the greatest common divisor of 84 and 532?
28
What is the highest common divisor of 18 and 1341?
9
Calculate the highest common factor of 7612 and 22.
22
What is the highest common factor of 146 and 46647?
73
Calculate the highest common factor of 3957 and 15.
3
Calculate the greatest common divisor of 481 and 37.
37
Calculate the highest common factor of 368 and 276.
92
Calculate the greatest common divisor of 172 and 1075.
43
Calculate the greatest common divisor of 545 and 6431.
109
What is the highest common factor of 66 and 2816?
22
Calculate the highest common factor of 39 and 1612.
13
Calculate the greatest common factor of 8816 and 232.
232
What is the greatest common divisor of 194 and 5626?
194
What is the greatest common factor of 6 and 324?
6
What is the greatest common divisor of 42 and 462?
42
Calculate the highest common factor of 6 and 24.
6
Calculate the greatest common divisor of 4842 and 18.
18
Calculate the greatest common divisor of 3198 and 205.
41
Calculate the highest common divisor of 711 and 158.
79
What is the highest common factor of 248 and 24?
8
What is the highest common divisor of 252 and 84?
84
Calculate the highest common divisor of 1648 and 80.
16
What is the greatest common divisor of 44 and 1870?
22
Calculate the highest common factor of 6 and 315.
3
What is the greatest common factor of 6 and 6?
6
What is the highest common factor of 32 and 326?
2
Calculate the greatest common divisor of 6003 and 69.
69
What is the greatest common factor of 759 and 69?
69
Calculate the highest common factor of 216 and 3732.
12
Calculate the greatest common factor of 330 and 3410.
110
What is the highest common divisor of 6335 and 105?
35
What is the greatest common factor of 723 and 6989?
241
What is the greatest common factor of 988 and 52?
52
What is the highest common factor of 27 and 92124?
27
Calculate the highest common divisor of 36 and 12.
12
Calculate the highest common divisor of 26 and 442.
26
What is the highest common divisor of 30 and 6550?
10
What is the highest common factor of 260 and 7735?
65
What is the greatest common factor of 462 and 2?
2
Calculate the greatest common factor of 78295 and 35.
35
Calculate the greatest common divisor of 748 and 352.
44
Calculate the greatest common divisor of 52 and 1924.
52
Calculate the greatest common divisor of 44 and 4169.
11
What is the greatest common divisor of 19 and 1?
1
What is the greatest common divisor of 22 and 11?
11
What is the highest common factor of 33 and 15?
3
What is the highest common divisor of 306 and 3?
3
What is the highest common divisor of 75 and 3?
3
What is the highest common factor of 1 and 53?
1
Calculate the highest common divisor of 34 and 17.
17
Calculate the greatest common divisor of 28500 and 150.
150
What is the highest common factor of 91 and 35?
7
Calculate the greatest common factor of 21 and 384.
3
Calculate the greatest common factor of 16 and 15872.
16
Calculate the greatest common factor of 98 and 1127.
49
What is the highest common factor of 1512 and 56?
56
What is the greatest common divisor of 88 and 11?
11
Calculate the highest common factor of 3594 and 6.
6
What is the greatest common divisor of 270 and 150?
30
What is the highest common divisor of 774 and 1720?
86
What is the highest common factor of 107 and 1?
1
Calculate the greatest common factor of 103 and 1339.
103
Calculate the highest common divisor of 847 and 121.
121
What is the highest common factor of 133 and 304?
19
What is the highest common divisor of 149 and 19072?
149
Calculate the greatest common factor of 308 and 1617.
77
What is the greatest common divisor of 135 and 120?
15
What is the highest common factor of 4 and 157?
1
What is the highest common divisor of 1159 and 95?
19
What is the greatest common divisor of 1356 and 12?
12
Calculate the greatest common factor of 153 and 63.
9
What is the highest common factor of 25 and 15?
5
Calculate the greatest common divisor of 153 and 27.
9
Calculate the highest common divisor of 70 and 112.
14
Calculate the greatest common divisor of 252 and 36.
36
Calculate the highest common factor of 3 and 159.
3
What is the greatest common factor of 30 and 645?
15
Calculate the greatest common divisor of 19 and 2831.
19
What is the greatest common divisor of 135 and 54?
27
What is the highest common factor of 97 and 679?
97
What is the highest common factor of 4540 and 15?
5
What is the highest common divisor of 16523 and 62?
31
What is the greatest common factor of 234 and 507?
39
What is the greatest common divisor of 497 and 14?
7
Calculate the greatest common divisor of 2702 and 1737.
193
What is the greatest common factor of 118 and 1475?
59
What is the highest common factor of 427 and 70?
7
What is the highest common divisor of 5605 and 95?
95
What is the greatest common divisor of 228 and 51?
3
Calculate the highest common divisor of 45 and 765.
45
Calculate the highest common factor of 43 and 43.
43
What is the greatest common factor of 15 and 65?
5
Calculate the highest common divisor of 26 and 113.
1
Calculate the greatest common factor of 908 and 17933.
227
Calculate the greatest common divisor of 390 and 150.
30
Calculate the highest common divisor of 1395 and 31.
31
Calculate the highest common divisor of 615 and 120.
15
Calculate the greatest common factor of 1386 and 176.
22
Calculate the greatest common divisor of 153 and 34.
17
Calculate the greatest common factor of 5445 and 99.
99
Calculate the highest common divisor of 729 and 27.
27
Calculate the highest common factor of 1014 and 65.
13
Calculate the greatest common factor of 252 and 1638.
126
Calculate the highest common divisor of 2 and 34.
2
What is the highest common divisor of 66 and 627?
33
What is the greatest common factor of 160 and 980?
20
What is the highest common divisor of 105 and 70?
35
Calculate the greatest common divisor of 3039 and 2.
1
Calculate the highest common factor of 574 and 533.
41
Calculate the greatest common factor of 10 and 85730.
10
What is the highest common factor of 13656 and 24?
24
What is the greatest common divisor of 108 and 96?
12
What is the greatest common divisor of 6 and 430?
2
Calculate the highest common divisor of 416 and 3848.
104
What is the greatest common divisor of 243 and 9?
9
What is the highest common factor of 273 and 2054?
13
Calculate the highest common divisor of 440 and 80.
40
Calculate the greatest common factor of 27 and 45.
9
Calculate the greatest common factor of 41 and 1025.
41
What is the highest common factor of 252 and 15372?
252
Calculate the highest common factor of 15 and 11955.
15
What is the greatest common factor of 4381 and 26?
13
Calculate the greatest common factor of 508 and 16.
4
Calculate the highest common factor of 4096 and 32.
32
Calculate the highest common divisor of 357 and 1377.
51
Calculate the greatest common divisor of 703 and 37.
37
Calculate the greatest common divisor of 11 and 48257.
11
What is the highest common divisor of 246 and 474?
6
What is the greatest common factor of 384 and 348?
12
What is the highest common divisor of 1054 and 442?
34
Calculate the greatest common divisor of 1139 and 1943.
67
What is the greatest common divisor of 40 and 68?
4
What is the highest common divisor of 1071 and 63?
63
What is the highest common factor of 1360 and 136?
136
What is the greatest common divisor of 338 and 208?
26
Calculate the highest common divisor of 22981 and 343.
343
Calculate the highest common factor of 33 and 495.
33
What is the greatest common factor of 9621 and 72?
9
What is the greatest common divisor of 154 and 44?
22
What is the highest common divisor of 75 and 1095?
15
What is the greatest common divisor of 27 and 3150?
9
Calculate the greatest common factor of 723 and 21.
3
Calculate the highest common factor of 675 and 297.
27
What is the greatest common divisor of 125 and 175?
25
What is the greatest com